m**3 - 2*m + 1. Let d be f(1). Let j = 1 - 1. Suppose 0 = 2*o + z - 4, j*o = 3*o - 2*z - 20. Calculate the highest common factor of o and d.
4
Let y(j) = j**2 - 7*j + 6. Let w be y(7). Suppose 5*q - w = 2*q. Calculate the highest common factor of q and 6.
2
Suppose 13 = 2*x - 11. What is the highest common divisor of x and 2?
2
Let u = 9 + -7. Let j(i) = 2*i**3 - 3*i**2 + 2. Let k be j(u). What is the highest common divisor of 12 and k?
6
Let m(d) = -d**3 - d**2 + 5. Suppose 3*k = -3*l + 6*l, l = 4*k. Let x be m(k). Let p = 9 + -4. Calculate the greatest common divisor of p and x.
5
Suppose 2*m - 26 - 44 = 0. Calculate the highest common divisor of m and 7.
7
Let b(s) = s**3 - 2*s**2 - 2*s + 3. Let d be b(2). Let y(v) = -2*v**2 + v. Let m be y(d). Let z = m + 21. Calculate the greatest common factor of z and 45.
9
Suppose -3*g + g = 22. Let l = g - -18. Let h(m) = -m**3 + 8*m**2 - 2*m + 4. Let t be h(l). Calculate the greatest common factor of 13 and t.
13
Suppose 0 = 2*l + 11 - 53. Let k be (-6)/l + (-130)/(-14). Calculate the greatest common factor of 27 and k.
9
Suppose -2*p = 5*j - 160, 5*p + j - 671 + 225 = 0. Calculate the highest common divisor of p and 10.
10
Suppose -f + 14 = 2*d, -7*f + 77 = -2*f + 3*d. Let p = f + -2. What is the highest common divisor of 35 and p?
7
Suppose -2*r + 26 = -46. What is the greatest common factor of 396 and r?
36
Let i(x) = -x**3 - x**2 - 5*x - 5. Let d be i(-4). Let z(j) = 2*j + 4. Let q be z(3). Let w = q - 1. Calculate the highest common divisor of d and w.
9
Let o = 65 + -30. What is the greatest common factor of o and 5?
5
Let h(c) = c**3 + 6*c**2 - 8*c + 7. Suppose 3*w - 8*w - 35 = 0. Let k be h(w). What is the highest common factor of k and 2?
2
Let g = 75 + -37. What is the greatest common divisor of 95 and g?
19
Let d(b) = -b**3 + b**2 + 3*b - 4. Let v be d(4). Let j = v + 76. Suppose -x = 2*x - 4*t - j, 3*x + 4*t = 60. What is the greatest common divisor of 24 and x?
8
Let q(r) = -23*r - 1. Let j be q(-3). Let a = j + -46. Calculate the greatest common factor of a and 55.
11
Let z(j) = j + 17. Let h be z(-9). What is the highest common divisor of h and 8?
8
Suppose -2*c - 7 = -13. Calculate the highest common divisor of 12 and c.
3
Let w = 0 + 5. Let m(y) = y**2 - 2*y - 2. Let n(f) = f**3 + 1. Let x(u) = -m(u) - n(u). Let r be x(-2). Calculate the highest common divisor of r and w.
1
Suppose -12 = -4*c, 0 + 1 = -2*b + c. Let q(d) = 3*d - 6. Let h be q(-6). Let f = -17 - h. Calculate the highest common factor of f and b.
1
Let i = -12 + 15. Suppose 5*n - i*n = 270. Calculate the greatest common divisor of n and 54.
27
Suppose 0 = -2*b + 3 - 1. Calculate the highest common divisor of b and 1.
1
Suppose -u - 5 = -1. Let t be (-22)/(-4) + (-2)/u. Let k = 43 + -37. What is the highest common factor of t and k?
6
Suppose -l + 172 = 2*l + 2*n, -3*n = 2*l - 118. What is the highest common factor of l and 14?
14
Let s = -12 - -5. Let z(d) = -2*d - 10. Let x be z(s). Suppose -19 = -5*p + m, -p - x*m - 12 = 1. Calculate the highest common divisor of p and 2.
1
Let d = 6 - 2. Suppose -d*j + 2*j + 24 = 0. Suppose -3 + j = t. What is the highest common factor of t and 72?
9
Suppose 4*h - 1 - 11 = 0. Suppose -6 - 6 = -h*k. Let j be ((-2)/5)/(k/(-140)). What is the highest common factor of 35 and j?
7
Let a(s) = s**2 + s - 9. Let c be a(-7). Calculate the greatest common factor of c and 132.
33
Let m = 334 - 204. Suppose 2*y = -2*y - 3*k + 98, -3*y + 5*k = -88. What is the greatest common divisor of m and y?
26
Let s be (3/(-1))/3 + 1. Suppose 8 = -n - s. Let t = 18 + n. What is the greatest common divisor of 10 and t?
10
Let s = 52 + 4. Calculate the highest common divisor of s and 14.
14
Suppose -b + 75 = 4*b. Let i = -33 - -78. Calculate the greatest common factor of b and i.
15
Let p(t) = 2*t**2 - 4*t - 2. Suppose -4*x - c + 4 + 12 = 0, 3*x - 4*c + 7 = 0. Let v be p(x). Calculate the highest common factor of 20 and v.
4
Suppose -8 = -2*k, -4*r - 3*k = -r - 75. Let y = 18 + 24. What is the greatest common divisor of y and r?
21
Let o be (-3)/((-15)/35) + (-3 - -1). What is the greatest common factor of o and 10?
5
Let f = -7 + 13. Let d = -24 - -43. Let x = d - f. Calculate the greatest common factor of 39 and x.
13
Suppose -258 = 5*a - 688. Suppose 4*d = -5*f + a, 3*f + 3*d = 58 - 4. Calculate the greatest common factor of f and 28.
14
Let w be (58*1/2)/(-1). Let p = 49 + w. What is the greatest common divisor of 30 and p?
10
Let n = -8 - -15. Suppose 6*p = 2*p + 5*d + 115, -113 = -5*p - 4*d. Suppose -s + c + 2 = -0, 0 = -5*s + 2*c + p. What is the greatest common divisor of n and s?
7
Let l be (-64)/(-6) + (-10)/(-30) + 4. Suppose -y - 4 = -5*p + 5, 3*p - 39 = -5*y. Calculate the highest common factor of y and l.
3
Suppose 91 = 4*f - 3*i, -24 = -3*f - 3*i + 18. Calculate the greatest common divisor of f and 114.
19
Let b = 223 + -132. Let v(z) = z**3 + 10*z**2 + z + 13. Let j be v(-10). Let k = 16 - j. What is the highest common factor of k and b?
13
Let n = -25 - -11. Let b be (-3 - 12/(-8))*n. Calculate the greatest common divisor of 7 and b.
7
Let r be (50 - 0)*(-6)/(-5). Suppose 4*k = -4*b - 9 - 3, -b - 9 = -2*k. Let x = b + 20. What is the highest common divisor of x and r?
15
Let v = 54 - 40. Calculate the highest common divisor of v and 98.
14
Let c(k) = 34*k - 3. Let r be c(2). Let i = r - -10. What is the highest common factor of i and 25?
25
Let b = 5 + 0. Suppose 3*m + 71 = 4*d, -b*d - 2*m + 86 = -d. Suppose 2*j - 7*j = 5*k - d, 3*j = -k + 20. Calculate the greatest common divisor of 4 and j.
4
Suppose -675 = -6*l + 3*l. Calculate the greatest common factor of 25 and l.
25
Suppose f + 2*f - 243 = -4*l, 0 = -2*l + f + 129. Let k(o) = -o + 9. Let v be k(7). Let h be -2*(-7 + v) - 1. Calculate the greatest common divisor of h and l.
9
Let a = -4 - -2. Let k be a*1*(-5 - 13). Suppose o + k + 3 = 2*i, 0 = i + o - 21. What is the highest common divisor of 4 and i?
4
Let y(b) = 20*b - 15. Let t be y(4). What is the highest common factor of t and 26?
13
Suppose 4*b + 0*b - 44 = 0. Let z = 1 + 1. Suppose -178 = -z*f + 64. Calculate the highest common divisor of b and f.
11
Suppose 5*d - 12 = 2*d. Let r(a) = 7 + 0 + 2*a + 5*a**2 - 7. Let z be r(d). What is the greatest common factor of 8 and z?
8
Let s(q) = 8*q**2 + 6*q + 4. Let c be s(-4). What is the greatest common factor of c and 27?
27
Suppose -2*y = -5*y + 12. Suppose 15 = 5*u + 5*n, -4*u - y*n = -2*u. Calculate the greatest common factor of 6 and u.
6
Suppose -2*d + 3*d - 70 = 0. Let b be 0/(6/9*-3). Suppose -5*u = -b*y - 2*y - 80, 2*y = -2*u + 18. Calculate the greatest common factor of d and u.
14
Let y be (-4)/(-4)*-3*-5. Calculate the greatest common divisor of y and 15.
15
Suppose -17 = -5*g + 28. Suppose -j - 36 = -3*j. Calculate the highest common factor of j and g.
9
Let v be -3*(-4)/((-36)/(-249)). Let u = 119 - v. Let i = 17 - -7. Calculate the highest common factor of i and u.
12
Suppose t + 0*g - 21 = -4*g, -3*t = 4*g - 55. Calculate the greatest common divisor of 153 and t.
17
Suppose 4*o + 0 - 12 = 0. Suppose 2*y + y = -3*v + 111, -o*y - 69 = -2*v. Let p(w) = w**2 - w + 4. Let t be p(5). What is the highest common factor of v and t?
12
Suppose 0*v = -4*v. Suppose v*y - 110 = -5*y. Calculate the highest common factor of 154 and y.
22
Let q(x) = -x - 5. Let p be q(10). Let y = 33 + p. What is the greatest common factor of y and 126?
18
Suppose 0 = 6*x - 72 - 60. Calculate the greatest common divisor of 22 and x.
22
Suppose -z - 1 = v, -2*v = -4*z + 1 - 17. Let k be (-1 - -2)/((-1)/z). Let h be 27/(-15)*(-385)/21. Calculate the highest common factor of k and h.
3
Let s be -3*1 - (1 - 12). Let n = s + 14. Suppose -3*m - 4*i + 149 = 0, 2*m - 187 + 65 = 3*i. Calculate the greatest common divisor of m and n.
11
Suppose 4 + 6 = 5*n. Let j be (-2280)/(-44) - n/(-11). Suppose -j = -5*b - 4*w, -b + 5*w = -4*b + 26. Calculate the greatest common divisor of b and 48.
12
Let q(g) = 3*g**2 - 2*g - 6. Let o be q(-7). Let w be o/9 + (-6)/27. Calculate the greatest common divisor of 17 and w.
17
Suppose 3*s - 211 = i, 2*s - 3*i - 33 = 110. Suppose -5*l + s = 4*p, 2*l + 2*p - 25 - 3 = 0. Calculate the greatest common factor of 14 and l.
14
Suppos